{"id":573,"date":"2026-02-25T19:15:17","date_gmt":"2026-02-25T18:15:17","guid":{"rendered":"https:\/\/lice4585.odns.fr\/?page_id=573"},"modified":"2026-03-06T10:57:19","modified_gmt":"2026-03-06T09:57:19","slug":"lassociation","status":"publish","type":"page","link":"https:\/\/lesveilleurs-asso.fr\/?page_id=573","title":{"rendered":"L&rsquo;association"},"content":{"rendered":"\n<div class=\"wp-block-group alignfull has-global-padding is-layout-constrained wp-container-core-group-is-layout-669513ed wp-block-group-is-layout-constrained\" style=\"margin-top:0;margin-bottom:0;padding-top:var(--wp--preset--spacing--50);padding-right:var(--wp--preset--spacing--50);padding-bottom:var(--wp--preset--spacing--50);padding-left:var(--wp--preset--spacing--50)\">\n<div class=\"wp-block-columns alignwide is-layout-flex wp-container-core-columns-is-layout-1da03c2a wp-block-columns-is-layout-flex\">\n<div class=\"wp-block-column is-vertically-aligned-stretch is-layout-flow wp-block-column-is-layout-flow\" style=\"flex-basis:50%\">\n<div class=\"wp-block-group is-vertical is-content-justification-stretch is-layout-flex wp-container-core-group-is-layout-444d5ee8 wp-block-group-is-layout-flex\" style=\"min-height:100%\">\n<p class=\"has-heading-font-family has-large-font-size\" style=\"line-height:1.2\">Les Veilleurs, C\u00f4te d\u2019\u00c9meraude, est une association qui veut mettre de la clart\u00e9 sur ce qui nous influence au quotidien, et sur ce qui peut mener \u00e0 l\u2019addiction. Pas de morale: des rep\u00e8res simples et des \u00e9changes concrets.<\/p>\n\n\n\n<p class=\"has-heading-font-family has-large-font-size\" style=\"line-height:1.2\">On parle d\u2019environnement, de pression sociale, de num\u00e9rique, d\u2019alcool, de substances, de fatigue, de sant\u00e9 mentale. Le but : mieux comprendre pour mieux pr\u00e9venir, et aider chacun \u00e0 garder le cap, \u00e0 la maison, au travail, \u00e0 l\u2019\u00e9cole ou dans les clubs.<\/p>\n<\/div>\n<\/div>\n\n\n\n<div class=\"wp-block-column is-vertically-aligned-center is-layout-flow wp-block-column-is-layout-flow\" style=\"flex-basis:50%\">\n<figure class=\"wp-block-image size-medium is-resized is-style-rounded is-style-rounded--1\"><img loading=\"lazy\" decoding=\"async\" width=\"246\" height=\"300\" src=\"https:\/\/lesveilleurs-asso.fr\/wp-content\/uploads\/2026\/03\/Gemini_Generated_Image_4ms29g4ms29g4ms2-246x300.png\" alt=\"\" class=\"wp-image-639\" style=\"aspect-ratio:1;object-fit:contain;width:331px;height:auto\" srcset=\"https:\/\/lesveilleurs-asso.fr\/wp-content\/uploads\/2026\/03\/Gemini_Generated_Image_4ms29g4ms29g4ms2-246x300.png 246w, https:\/\/lesveilleurs-asso.fr\/wp-content\/uploads\/2026\/03\/Gemini_Generated_Image_4ms29g4ms29g4ms2-839x1024.png 839w, https:\/\/lesveilleurs-asso.fr\/wp-content\/uploads\/2026\/03\/Gemini_Generated_Image_4ms29g4ms29g4ms2-768x938.png 768w, https:\/\/lesveilleurs-asso.fr\/wp-content\/uploads\/2026\/03\/Gemini_Generated_Image_4ms29g4ms29g4ms2.png 896w\" sizes=\"auto, (max-width: 246px) 100vw, 246px\" \/><\/figure>\n<\/div>\n<\/div>\n<\/div>\n\n\n\n<div class=\"wp-block-group alignfull has-base-background-color has-background has-global-padding is-layout-constrained wp-container-core-group-is-layout-d89aad35 wp-block-group-is-layout-constrained\" style=\"margin-top:0;margin-bottom:0;padding-top:var(--wp--preset--spacing--50);padding-right:var(--wp--preset--spacing--50);padding-bottom:var(--wp--preset--spacing--50);padding-left:var(--wp--preset--spacing--50)\">\n<div class=\"wp-block-columns alignwide is-layout-flex wp-container-core-columns-is-layout-549b0c86 wp-block-columns-is-layout-flex\">\n<div class=\"wp-block-column has-global-padding is-content-justification-center is-layout-constrained wp-container-core-column-is-layout-42d62dd4 wp-block-column-is-layout-constrained\" style=\"flex-basis:40%\">\n<figure class=\"wp-block-image alignfull size-full is-style-rounded is-style-rounded--2\"><img loading=\"lazy\" decoding=\"async\" width=\"835\" height=\"683\" src=\"https:\/\/lesveilleurs-asso.fr\/wp-content\/uploads\/2026\/02\/unnamed-3.jpg\" alt=\"\" class=\"wp-image-578\" srcset=\"https:\/\/lesveilleurs-asso.fr\/wp-content\/uploads\/2026\/02\/unnamed-3.jpg 835w, https:\/\/lesveilleurs-asso.fr\/wp-content\/uploads\/2026\/02\/unnamed-3-300x245.jpg 300w, https:\/\/lesveilleurs-asso.fr\/wp-content\/uploads\/2026\/02\/unnamed-3-768x628.jpg 768w\" sizes=\"auto, (max-width: 835px) 100vw, 835px\" \/><\/figure>\n<\/div>\n\n\n\n<div class=\"wp-block-column is-layout-flow wp-container-core-column-is-layout-119bc444 wp-block-column-is-layout-flow\" style=\"flex-basis:60%\">\n<p class=\"has-heading-font-family has-large-font-size\" style=\"line-height:1.2\">On \u00e9claire ce qui nous influence au quotidien pour mieux comprendre l\u2019addiction, mieux pr\u00e9venir, et aider chacun \u00e0 garder le cap.<\/p>\n\n\n\n<div class=\"wp-block-columns is-layout-flex wp-container-core-columns-is-layout-87beb0d0 wp-block-columns-is-layout-flex\">\n<div class=\"wp-block-column is-layout-flow wp-block-column-is-layout-flow\">\n<p class=\"wp-container-content-9cfa9a5a\">Interventions dans les coll\u00e8ges et lyc\u00e9es, r\u00e9unions de parents, temps d\u2019\u00e9changes: on propose des pr\u00e9sentations didactiques, accessibles, et surtout utiles. L\u2019objectif est de comprendre les m\u00e9canismes (environnement, pression sociale, num\u00e9rique, alcool, substances) et repartir avec des rep\u00e8res applicables d\u00e8s le lendemain.<\/p>\n<\/div>\n\n\n\n<div class=\"wp-block-column is-layout-flow wp-block-column-is-layout-flow\">\n<p>En entreprise, on adapte le format: pr\u00e9vention, signaux faibles, discussions sans stigmatisation. Et en interne, on se retrouve entre b\u00e9n\u00e9voles pour pr\u00e9parer les sujets, partager nos id\u00e9es, s\u2019entraider et construire des contenus qui tiennent la route \u2014 dans une ambiance s\u00e9rieuse, mais simple et conviviale.<\/p>\n<\/div>\n<\/div>\n<\/div>\n<\/div>\n<\/div>\n\n\n\n<div class=\"wp-block-group alignfull has-global-padding is-layout-constrained wp-container-core-group-is-layout-669513ed wp-block-group-is-layout-constrained\" style=\"margin-top:0;margin-bottom:0;padding-top:var(--wp--preset--spacing--50);padding-right:var(--wp--preset--spacing--50);padding-bottom:var(--wp--preset--spacing--50);padding-left:var(--wp--preset--spacing--50)\">\n<div class=\"wp-block-group is-vertical is-content-justification-center is-layout-flex wp-container-core-group-is-layout-ce155fab wp-block-group-is-layout-flex\">\n<h2 class=\"wp-block-heading has-text-align-center has-xx-large-font-size\">Rencontrer notre \u00e9quipe<\/h2>\n\n\n\n<p class=\"has-text-align-center\">Une \u00e9quipe de b\u00e9n\u00e9voles engag\u00e9s pour \u00e9clairer les m\u00e9canismes de l\u2019addiction et faire de la pr\u00e9vention, sur le terrain et dans la dur\u00e9e.<\/p>\n<\/div>\n\n\n\n<div style=\"height:var(--wp--preset--spacing--30)\" aria-hidden=\"true\" class=\"wp-block-spacer\"><\/div>\n\n\n\n<div class=\"wp-block-columns alignwide is-layout-flex wp-container-core-columns-is-layout-4935966c wp-block-columns-is-layout-flex\" style=\"padding-right:0;padding-left:0\">\n<div class=\"wp-block-column is-layout-flow wp-block-column-is-layout-flow\">\n\n\n<div class=\"wp-block-group is-vertical is-content-justification-center is-nowrap is-layout-flex wp-container-core-group-is-layout-21d4e958 wp-block-group-is-layout-flex\">\n<p class=\"has-text-align-center has-small-font-size\"><strong>Fabien Bailly<\/strong><\/p>\n\n\n\n<p class=\"has-text-align-center has-small-font-size\">Pr\u00e9sident<\/p>\n<\/div>\n<\/div>\n\n\n\n<div class=\"wp-block-column is-layout-flow wp-block-column-is-layout-flow\">\n\n\n<div class=\"wp-block-group is-vertical is-content-justification-center is-nowrap is-layout-flex wp-container-core-group-is-layout-63bfd6c1 wp-block-group-is-layout-flex\">\n<p class=\"has-text-align-center has-small-font-size\"><strong>David Steiner<\/strong><\/p>\n\n\n\n<p class=\"has-text-align-center has-small-font-size\">B\u00e9n\u00e9vole<\/p>\n<\/div>\n<\/div>\n\n\n\n<div class=\"wp-block-column is-layout-flow wp-block-column-is-layout-flow\">\n\n\n<div class=\"wp-block-group is-vertical is-content-justification-center is-nowrap is-layout-flex wp-container-core-group-is-layout-21d4e958 wp-block-group-is-layout-flex\">\n<p class=\"has-text-align-center has-small-font-size\"><strong>Ivan Laurence<\/strong><\/p>\n\n\n\n<p class=\"has-text-align-center has-small-font-size\">B\u00e9n\u00e9vole<\/p>\n<\/div>\n<\/div>\n<\/div>\n<\/div>\n","protected":false},"excerpt":{"rendered":"<p>Les Veilleurs, C\u00f4te d\u2019\u00c9meraude, est une association qui veut mettre de la clart\u00e9 sur ce qui nous influence au quotidien, et sur ce qui peut mener \u00e0 l\u2019addiction. Pas de morale: des rep\u00e8res simples et des \u00e9changes concrets. On parle d\u2019environnement, de pression sociale, de num\u00e9rique, d\u2019alcool, de substances, de fatigue, de sant\u00e9 mentale. Le [&hellip;]<\/p>\n","protected":false},"author":1,"featured_media":0,"parent":0,"menu_order":0,"comment_status":"closed","ping_status":"closed","template":"","meta":{"footnotes":""},"class_list":["post-573","page","type-page","status-publish","hentry"],"_links":{"self":[{"href":"https:\/\/lesveilleurs-asso.fr\/index.php?rest_route=\/wp\/v2\/pages\/573","targetHints":{"allow":["GET"]}}],"collection":[{"href":"https:\/\/lesveilleurs-asso.fr\/index.php?rest_route=\/wp\/v2\/pages"}],"about":[{"href":"https:\/\/lesveilleurs-asso.fr\/index.php?rest_route=\/wp\/v2\/types\/page"}],"author":[{"embeddable":true,"href":"https:\/\/lesveilleurs-asso.fr\/index.php?rest_route=\/wp\/v2\/users\/1"}],"replies":[{"embeddable":true,"href":"https:\/\/lesveilleurs-asso.fr\/index.php?rest_route=%2Fwp%2Fv2%2Fcomments&post=573"}],"version-history":[{"count":4,"href":"https:\/\/lesveilleurs-asso.fr\/index.php?rest_route=\/wp\/v2\/pages\/573\/revisions"}],"predecessor-version":[{"id":640,"href":"https:\/\/lesveilleurs-asso.fr\/index.php?rest_route=\/wp\/v2\/pages\/573\/revisions\/640"}],"wp:attachment":[{"href":"https:\/\/lesveilleurs-asso.fr\/index.php?rest_route=%2Fwp%2Fv2%2Fmedia&parent=573"}],"curies":[{"name":"wp","href":"https:\/\/api.w.org\/{rel}","templated":true}]}}

<div class="wp-block-group alignfull has-global-padding is-layout-constrained wp-container-core-group-is-layout-669513ed wp-block-group-is-layout-constrained" style="margin-top:0;margin-bottom:0;padding-top:var(--wp--preset--spacing--50);padding-right:var(--wp--preset--spacing--50);padding-bottom:var(--wp--preset--spacing--50);padding-left:var(--wp--preset--spacing--50)">
<div class="wp-block-columns alignwide is-layout-flex wp-container-core-columns-is-layout-1da03c2a wp-block-columns-is-layout-flex">
<div class="wp-block-column is-vertically-aligned-stretch is-layout-flow wp-block-column-is-layout-flow" style="flex-basis:50%">
<div class="wp-block-group is-vertical is-content-justification-stretch is-layout-flex wp-container-core-group-is-layout-444d5ee8 wp-block-group-is-layout-flex" style="min-height:100%">
<p class="has-heading-font-family has-large-font-size" style="line-height:1.2">Les Veilleurs, Côte d’Émeraude, est une association qui veut mettre de la clarté sur ce qui nous influence au quotidien, et sur ce qui peut mener à l’addiction. Pas de morale: des repères simples et des échanges concrets.</p>



<p class="has-heading-font-family has-large-font-size" style="line-height:1.2">On parle d’environnement, de pression sociale, de numérique, d’alcool, de substances, de fatigue, de santé mentale. Le but : mieux comprendre pour mieux prévenir, et aider chacun à garder le cap, à la maison, au travail, à l’école ou dans les clubs.</p>
</div>
</div>



<div class="wp-block-column is-vertically-aligned-center is-layout-flow wp-block-column-is-layout-flow" style="flex-basis:50%">
<figure class="wp-block-image size-medium is-resized is-style-rounded is-style-rounded--1"><img loading="lazy" decoding="async" width="246" height="300" src="https://lesveilleurs-asso.fr/wp-content/uploads/2026/03/Gemini_Generated_Image_4ms29g4ms29g4ms2-246x300.png" alt="" class="wp-image-639" style="aspect-ratio:1;object-fit:contain;width:331px;height:auto" srcset="https://lesveilleurs-asso.fr/wp-content/uploads/2026/03/Gemini_Generated_Image_4ms29g4ms29g4ms2-246x300.png 246w, https://lesveilleurs-asso.fr/wp-content/uploads/2026/03/Gemini_Generated_Image_4ms29g4ms29g4ms2-839x1024.png 839w, https://lesveilleurs-asso.fr/wp-content/uploads/2026/03/Gemini_Generated_Image_4ms29g4ms29g4ms2-768x938.png 768w, https://lesveilleurs-asso.fr/wp-content/uploads/2026/03/Gemini_Generated_Image_4ms29g4ms29g4ms2.png 896w" sizes="auto, (max-width: 246px) 100vw, 246px" /></figure>
</div>
</div>
</div>



<div class="wp-block-group alignfull has-base-background-color has-background has-global-padding is-layout-constrained wp-container-core-group-is-layout-d89aad35 wp-block-group-is-layout-constrained" style="margin-top:0;margin-bottom:0;padding-top:var(--wp--preset--spacing--50);padding-right:var(--wp--preset--spacing--50);padding-bottom:var(--wp--preset--spacing--50);padding-left:var(--wp--preset--spacing--50)">
<div class="wp-block-columns alignwide is-layout-flex wp-container-core-columns-is-layout-549b0c86 wp-block-columns-is-layout-flex">
<div class="wp-block-column has-global-padding is-content-justification-center is-layout-constrained wp-container-core-column-is-layout-42d62dd4 wp-block-column-is-layout-constrained" style="flex-basis:40%">
<figure class="wp-block-image alignfull size-full is-style-rounded is-style-rounded--2"><img loading="lazy" decoding="async" width="835" height="683" src="https://lesveilleurs-asso.fr/wp-content/uploads/2026/02/unnamed-3.jpg" alt="" class="wp-image-578" srcset="https://lesveilleurs-asso.fr/wp-content/uploads/2026/02/unnamed-3.jpg 835w, https://lesveilleurs-asso.fr/wp-content/uploads/2026/02/unnamed-3-300x245.jpg 300w, https://lesveilleurs-asso.fr/wp-content/uploads/2026/02/unnamed-3-768x628.jpg 768w" sizes="auto, (max-width: 835px) 100vw, 835px" /></figure>
</div>



<div class="wp-block-column is-layout-flow wp-container-core-column-is-layout-119bc444 wp-block-column-is-layout-flow" style="flex-basis:60%">
<p class="has-heading-font-family has-large-font-size" style="line-height:1.2">On éclaire ce qui nous influence au quotidien pour mieux comprendre l’addiction, mieux prévenir, et aider chacun à garder le cap.</p>



<div class="wp-block-columns is-layout-flex wp-container-core-columns-is-layout-87beb0d0 wp-block-columns-is-layout-flex">
<div class="wp-block-column is-layout-flow wp-block-column-is-layout-flow">
<p class="wp-container-content-9cfa9a5a">Interventions dans les collèges et lycées, réunions de parents, temps d’échanges: on propose des présentations didactiques, accessibles, et surtout utiles. L’objectif est de comprendre les mécanismes (environnement, pression sociale, numérique, alcool, substances) et repartir avec des repères applicables dès le lendemain.</p>
</div>



<div class="wp-block-column is-layout-flow wp-block-column-is-layout-flow">
<p>En entreprise, on adapte le format: prévention, signaux faibles, discussions sans stigmatisation. Et en interne, on se retrouve entre bénévoles pour préparer les sujets, partager nos idées, s’entraider et construire des contenus qui tiennent la route — dans une ambiance sérieuse, mais simple et conviviale.</p>
</div>
</div>
</div>
</div>
</div>



<div class="wp-block-group alignfull has-global-padding is-layout-constrained wp-container-core-group-is-layout-669513ed wp-block-group-is-layout-constrained" style="margin-top:0;margin-bottom:0;padding-top:var(--wp--preset--spacing--50);padding-right:var(--wp--preset--spacing--50);padding-bottom:var(--wp--preset--spacing--50);padding-left:var(--wp--preset--spacing--50)">
<div class="wp-block-group is-vertical is-content-justification-center is-layout-flex wp-container-core-group-is-layout-ce155fab wp-block-group-is-layout-flex">
<h2 class="wp-block-heading has-text-align-center has-xx-large-font-size">Rencontrer notre équipe</h2>



<p class="has-text-align-center">Une équipe de bénévoles engagés pour éclairer les mécanismes de l’addiction et faire de la prévention, sur le terrain et dans la durée.</p>
</div>



<div style="height:var(--wp--preset--spacing--30)" aria-hidden="true" class="wp-block-spacer"></div>



<div class="wp-block-columns alignwide is-layout-flex wp-container-core-columns-is-layout-4935966c wp-block-columns-is-layout-flex" style="padding-right:0;padding-left:0">
<div class="wp-block-column is-layout-flow wp-block-column-is-layout-flow">


<div class="wp-block-group is-vertical is-content-justification-center is-nowrap is-layout-flex wp-container-core-group-is-layout-21d4e958 wp-block-group-is-layout-flex">
<p class="has-text-align-center has-small-font-size"><strong>Fabien Bailly</strong></p>



<p class="has-text-align-center has-small-font-size">Président</p>
</div>
</div>



<div class="wp-block-column is-layout-flow wp-block-column-is-layout-flow">


<div class="wp-block-group is-vertical is-content-justification-center is-nowrap is-layout-flex wp-container-core-group-is-layout-63bfd6c1 wp-block-group-is-layout-flex">
<p class="has-text-align-center has-small-font-size"><strong>David Steiner</strong></p>



<p class="has-text-align-center has-small-font-size">Bénévole</p>
</div>
</div>



<div class="wp-block-column is-layout-flow wp-block-column-is-layout-flow">


<div class="wp-block-group is-vertical is-content-justification-center is-nowrap is-layout-flex wp-container-core-group-is-layout-21d4e958 wp-block-group-is-layout-flex">
<p class="has-text-align-center has-small-font-size"><strong>Ivan Laurence</strong></p>



<p class="has-text-align-center has-small-font-size">Bénévole</p>
</div>
</div>
</div>
</div>

<p>Les Veilleurs, Côte d’Émeraude, est une association qui veut mettre de la clarté sur ce qui nous influence au quotidien, et sur ce qui peut mener à l’addiction. Pas de morale: des repères simples et des échanges concrets. On parle d’environnement, de pression sociale, de numérique, d’alcool, de substances, de fatigue, de santé mentale. Le [&hellip;]</p>
