{"id":530,"date":"2026-02-03T19:42:19","date_gmt":"2026-02-03T18:42:19","guid":{"rendered":"https:\/\/lice4585.odns.fr\/?page_id=530"},"modified":"2026-02-03T19:55:05","modified_gmt":"2026-02-03T18:55:05","slug":"page-principale","status":"publish","type":"page","link":"https:\/\/lesveilleurs-asso.fr\/","title":{"rendered":"Index"},"content":{"rendered":"<ul class=\"wp-block-latest-posts__list has-dates has-author wp-block-latest-posts\"><li><a class=\"wp-block-latest-posts__post-title\" href=\"https:\/\/lesveilleurs-asso.fr\/?p=505\">Peut-on vivre dans une soci\u00e9t\u00e9 sans drogue ?<\/a><div class=\"wp-block-latest-posts__post-author\">par Fabien<\/div><time datetime=\"2026-02-03T15:40:22+01:00\" class=\"wp-block-latest-posts__post-date\">3 f\u00e9vrier 2026<\/time><div class=\"wp-block-latest-posts__post-excerpt\">Lors d\u2019une pr\u00e9sentation, cette question m\u2019a \u00e9t\u00e9 pos\u00e9e. Sur le moment, j\u2019ai \u00e9t\u00e9 un peu pris de court par l\u2019ampleur du sujet. Prenons donc le temps d\u2019y r\u00e9fl\u00e9chir ensemble, au-del\u00e0 des \u00e9vidences. \u00c0 premi\u00e8re vue, l\u2019objectif semble noble : moins de drogues, c\u2019est moins d\u2019addictions, moins d\u2019accidents et moins de souffrances. Mais d\u00e8s que l\u2019on\u2026 <a class=\"wp-block-latest-posts__read-more\" href=\"https:\/\/lesveilleurs-asso.fr\/?p=505\" rel=\"noopener noreferrer\">Lire la suite<span class=\"screen-reader-text\">\u00a0: Peut-on vivre dans une soci\u00e9t\u00e9 sans drogue ?<\/span><\/a><\/div><\/li>\n<li><div class=\"wp-block-latest-posts__featured-image\"><img loading=\"lazy\" decoding=\"async\" width=\"150\" height=\"150\" src=\"https:\/\/lesveilleurs-asso.fr\/wp-content\/uploads\/2026\/02\/lot-de-6-cartouches-de-protoxyde-dazote-pour-siphon-a-chantilly_0-150x150.webp\" class=\"attachment-thumbnail size-thumbnail wp-post-image\" alt=\"\" style=\"\" srcset=\"https:\/\/lesveilleurs-asso.fr\/wp-content\/uploads\/2026\/02\/lot-de-6-cartouches-de-protoxyde-dazote-pour-siphon-a-chantilly_0-150x150.webp 150w, https:\/\/lesveilleurs-asso.fr\/wp-content\/uploads\/2026\/02\/lot-de-6-cartouches-de-protoxyde-dazote-pour-siphon-a-chantilly_0-300x300.webp 300w, https:\/\/lesveilleurs-asso.fr\/wp-content\/uploads\/2026\/02\/lot-de-6-cartouches-de-protoxyde-dazote-pour-siphon-a-chantilly_0-1024x1024.webp 1024w, https:\/\/lesveilleurs-asso.fr\/wp-content\/uploads\/2026\/02\/lot-de-6-cartouches-de-protoxyde-dazote-pour-siphon-a-chantilly_0-768x768.webp 768w, https:\/\/lesveilleurs-asso.fr\/wp-content\/uploads\/2026\/02\/lot-de-6-cartouches-de-protoxyde-dazote-pour-siphon-a-chantilly_0.webp 1200w\" sizes=\"auto, (max-width: 150px) 100vw, 150px\" \/><\/div><a class=\"wp-block-latest-posts__post-title\" href=\"https:\/\/lesveilleurs-asso.fr\/?p=503\">Un premier mot sur le protoxyde d&rsquo;azote<\/a><div class=\"wp-block-latest-posts__post-author\">par Fabien<\/div><time datetime=\"2026-02-03T15:40:10+01:00\" class=\"wp-block-latest-posts__post-date\">3 f\u00e9vrier 2026<\/time><div class=\"wp-block-latest-posts__post-excerpt\">C\u2019est un ovni sur le march\u00e9 des psychotropes. Comment une banale cartouche de cuisine, con\u00e7ue pour l\u2019usage inoffensif d\u2019un siphon \u00e0 chantilly, a-t-elle pu devenir en quelques ann\u00e9es un enjeu de sant\u00e9 publique majeur ? \u00c0 l&rsquo;origine, le protoxyde d\u2019azote n\u2019a rien d\u2019une \u00ab\u00a0drogue de rue\u00a0\u00bb. C\u2019est un produit l\u00e9gal, n\u00e9cessaire en gastronomie et pr\u00e9cieux\u2026 <a class=\"wp-block-latest-posts__read-more\" href=\"https:\/\/lesveilleurs-asso.fr\/?p=503\" rel=\"noopener noreferrer\">Lire la suite<span class=\"screen-reader-text\">\u00a0: Un premier mot sur le protoxyde d&rsquo;azote<\/span><\/a><\/div><\/li>\n<li><div class=\"wp-block-latest-posts__featured-image\"><img loading=\"lazy\" decoding=\"async\" width=\"150\" height=\"150\" src=\"https:\/\/lesveilleurs-asso.fr\/wp-content\/uploads\/2026\/02\/Snapchat-150x150.png\" class=\"attachment-thumbnail size-thumbnail wp-post-image\" alt=\"\" style=\"\" srcset=\"https:\/\/lesveilleurs-asso.fr\/wp-content\/uploads\/2026\/02\/Snapchat-150x150.png 150w, https:\/\/lesveilleurs-asso.fr\/wp-content\/uploads\/2026\/02\/Snapchat-300x300.png 300w, https:\/\/lesveilleurs-asso.fr\/wp-content\/uploads\/2026\/02\/Snapchat.png 512w\" sizes=\"auto, (max-width: 150px) 100vw, 150px\" \/><\/div><a class=\"wp-block-latest-posts__post-title\" href=\"https:\/\/lesveilleurs-asso.fr\/?p=501\">Le cas Snapchat<\/a><div class=\"wp-block-latest-posts__post-author\">par Fabien<\/div><time datetime=\"2026-02-03T15:39:51+01:00\" class=\"wp-block-latest-posts__post-date\">3 f\u00e9vrier 2026<\/time><div class=\"wp-block-latest-posts__post-excerpt\">Snapchat : un interm\u00e9diaire devenu central Je vais prendre un peu de temps pour vous parler du r\u00e9seau social Snapchat. Car c\u2019est \u00e0 mon sens devenu un interm\u00e9diaire particuli\u00e8rement efficace dans la diffusion des nouvelles consommations. M\u00eame si Snapchat n\u2019a jamais eu cette pr\u00e9tention et d\u2019ailleurs ne la porte toujours pas aujourd\u2019hui, c\u2019est devenu \u00e0\u2026 <a class=\"wp-block-latest-posts__read-more\" href=\"https:\/\/lesveilleurs-asso.fr\/?p=501\" rel=\"noopener noreferrer\">Lire la suite<span class=\"screen-reader-text\">\u00a0: Le cas Snapchat<\/span><\/a><\/div><\/li>\n<\/ul>\n\n\n<blockquote class=\"wp-block-quote is-layout-flow wp-block-quote-is-layout-flow\">\n<p><\/p>\n<\/blockquote>\n","protected":false},"excerpt":{"rendered":"","protected":false},"author":1,"featured_media":0,"parent":0,"menu_order":0,"comment_status":"closed","ping_status":"closed","template":"page-wide","meta":{"footnotes":""},"class_list":["post-530","page","type-page","status-publish","hentry"],"_links":{"self":[{"href":"https:\/\/lesveilleurs-asso.fr\/index.php?rest_route=\/wp\/v2\/pages\/530","targetHints":{"allow":["GET"]}}],"collection":[{"href":"https:\/\/lesveilleurs-asso.fr\/index.php?rest_route=\/wp\/v2\/pages"}],"about":[{"href":"https:\/\/lesveilleurs-asso.fr\/index.php?rest_route=\/wp\/v2\/types\/page"}],"author":[{"embeddable":true,"href":"https:\/\/lesveilleurs-asso.fr\/index.php?rest_route=\/wp\/v2\/users\/1"}],"replies":[{"embeddable":true,"href":"https:\/\/lesveilleurs-asso.fr\/index.php?rest_route=%2Fwp%2Fv2%2Fcomments&post=530"}],"version-history":[{"count":3,"href":"https:\/\/lesveilleurs-asso.fr\/index.php?rest_route=\/wp\/v2\/pages\/530\/revisions"}],"predecessor-version":[{"id":561,"href":"https:\/\/lesveilleurs-asso.fr\/index.php?rest_route=\/wp\/v2\/pages\/530\/revisions\/561"}],"wp:attachment":[{"href":"https:\/\/lesveilleurs-asso.fr\/index.php?rest_route=%2Fwp%2Fv2%2Fmedia&parent=530"}],"curies":[{"name":"wp","href":"https:\/\/api.w.org\/{rel}","templated":true}]}}

<ul class="wp-block-latest-posts__list has-dates has-author wp-block-latest-posts"><li><a class="wp-block-latest-posts__post-title" href="https://lesveilleurs-asso.fr/?p=505">Peut-on vivre dans une société sans drogue ?</a><div class="wp-block-latest-posts__post-author">par Fabien</div><time datetime="2026-02-03T15:40:22+01:00" class="wp-block-latest-posts__post-date">3 février 2026</time><div class="wp-block-latest-posts__post-excerpt">Lors d’une présentation, cette question m’a été posée. Sur le moment, j’ai été un peu pris de court par l’ampleur du sujet. Prenons donc le temps d’y réfléchir ensemble, au-delà des évidences. À première vue, l’objectif semble noble : moins de drogues, c’est moins d’addictions, moins d’accidents et moins de souffrances. Mais dès que l’on… <a class="wp-block-latest-posts__read-more" href="https://lesveilleurs-asso.fr/?p=505" rel="noopener noreferrer">Lire la suite<span class="screen-reader-text"> : Peut-on vivre dans une société sans drogue ?</span></a></div></li>
<li><div class="wp-block-latest-posts__featured-image"><img loading="lazy" decoding="async" width="150" height="150" src="https://lesveilleurs-asso.fr/wp-content/uploads/2026/02/lot-de-6-cartouches-de-protoxyde-dazote-pour-siphon-a-chantilly_0-150x150.webp" class="attachment-thumbnail size-thumbnail wp-post-image" alt="" style="" srcset="https://lesveilleurs-asso.fr/wp-content/uploads/2026/02/lot-de-6-cartouches-de-protoxyde-dazote-pour-siphon-a-chantilly_0-150x150.webp 150w, https://lesveilleurs-asso.fr/wp-content/uploads/2026/02/lot-de-6-cartouches-de-protoxyde-dazote-pour-siphon-a-chantilly_0-300x300.webp 300w, https://lesveilleurs-asso.fr/wp-content/uploads/2026/02/lot-de-6-cartouches-de-protoxyde-dazote-pour-siphon-a-chantilly_0-1024x1024.webp 1024w, https://lesveilleurs-asso.fr/wp-content/uploads/2026/02/lot-de-6-cartouches-de-protoxyde-dazote-pour-siphon-a-chantilly_0-768x768.webp 768w, https://lesveilleurs-asso.fr/wp-content/uploads/2026/02/lot-de-6-cartouches-de-protoxyde-dazote-pour-siphon-a-chantilly_0.webp 1200w" sizes="auto, (max-width: 150px) 100vw, 150px" /></div><a class="wp-block-latest-posts__post-title" href="https://lesveilleurs-asso.fr/?p=503">Un premier mot sur le protoxyde d&rsquo;azote</a><div class="wp-block-latest-posts__post-author">par Fabien</div><time datetime="2026-02-03T15:40:10+01:00" class="wp-block-latest-posts__post-date">3 février 2026</time><div class="wp-block-latest-posts__post-excerpt">C’est un ovni sur le marché des psychotropes. Comment une banale cartouche de cuisine, conçue pour l’usage inoffensif d’un siphon à chantilly, a-t-elle pu devenir en quelques années un enjeu de santé publique majeur ? À l&rsquo;origine, le protoxyde d’azote n’a rien d’une « drogue de rue ». C’est un produit légal, nécessaire en gastronomie et précieux… <a class="wp-block-latest-posts__read-more" href="https://lesveilleurs-asso.fr/?p=503" rel="noopener noreferrer">Lire la suite<span class="screen-reader-text"> : Un premier mot sur le protoxyde d&rsquo;azote</span></a></div></li>
<li><div class="wp-block-latest-posts__featured-image"><img loading="lazy" decoding="async" width="150" height="150" src="https://lesveilleurs-asso.fr/wp-content/uploads/2026/02/Snapchat-150x150.png" class="attachment-thumbnail size-thumbnail wp-post-image" alt="" style="" srcset="https://lesveilleurs-asso.fr/wp-content/uploads/2026/02/Snapchat-150x150.png 150w, https://lesveilleurs-asso.fr/wp-content/uploads/2026/02/Snapchat-300x300.png 300w, https://lesveilleurs-asso.fr/wp-content/uploads/2026/02/Snapchat.png 512w" sizes="auto, (max-width: 150px) 100vw, 150px" /></div><a class="wp-block-latest-posts__post-title" href="https://lesveilleurs-asso.fr/?p=501">Le cas Snapchat</a><div class="wp-block-latest-posts__post-author">par Fabien</div><time datetime="2026-02-03T15:39:51+01:00" class="wp-block-latest-posts__post-date">3 février 2026</time><div class="wp-block-latest-posts__post-excerpt">Snapchat : un intermédiaire devenu central Je vais prendre un peu de temps pour vous parler du réseau social Snapchat. Car c’est à mon sens devenu un intermédiaire particulièrement efficace dans la diffusion des nouvelles consommations. Même si Snapchat n’a jamais eu cette prétention et d’ailleurs ne la porte toujours pas aujourd’hui, c’est devenu à… <a class="wp-block-latest-posts__read-more" href="https://lesveilleurs-asso.fr/?p=501" rel="noopener noreferrer">Lire la suite<span class="screen-reader-text"> : Le cas Snapchat</span></a></div></li>
</ul>


<blockquote class="wp-block-quote is-layout-flow wp-block-quote-is-layout-flow">
<p></p>
</blockquote>
